t l = -2370 - -4489. What is the remainder when l is divided by 82?
69
What is the remainder when 1866 is divided by ((-2009)/2205 - (-1)/9)/((-2)/65)?
20
What is the remainder when 1040 is divided by (1 + 4/(-28))*7 - -169?
165
What is the remainder when 156 is divided by (41 - (-66)/22) + 1 + -9?
12
Suppose -3*y + 7 = -11. What is the remainder when 6 is divided by (-2)/y + 78/18?
2
Let g(r) = -2*r**3 + 38*r**2 - 94*r - 7. Calculate the remainder when 1160 is divided by g(15).
11
Let l = -21047 + 21077. Suppose 3*n - 3*m = 372 - 117, n + 3*m - 89 = 0. Calculate the remainder when n is divided by l.
26
Let k(g) = -3*g**2 + 197*g - 135. Calculate the remainder when k(58) is divided by 36.
11
Let j be -1 + 16/(-28)*-7. Suppose -143 + 5 = -j*u. What is the remainder when u is divided by 9?
1
Let p(c) = 6*c + 47. Let o be (-6)/8 + 60/16. Suppose -o*d + 4 = -50. What is the remainder when p(7) is divided by d?
17
Suppose 4*i = -98 + 2. Let m = i + 34. What is the remainder when 27 is divided by 4/m - 304/(-40)?
3
Suppose 4*m + y - 4246 = 0, 680*m = 678*m + 2*y + 2118. Calculate the remainder when m is divided by 76.
73
Let b be (-4)/(-6)*1/((-12)/414). Calculate the remainder when 97 is divided by -1 + 1 + 6 - 437/b.
22
Let u(w) = -2*w - 12. Let l be u(-9). Suppose 7*b + 812 = 21*b. Calculate the remainder when b is divided by (-124)/l*15/(-10).
27
Suppose -4*m = -2*g - 816, -g + 197 = 2*m - 199. What is the remainder when 748 is divided by m?
145
Suppose -19434*a + 19461*a - 540 = 0. What is the remainder when 867 is divided by a?
7
Suppose -b + 56 = 4*i, 68*i = 3*b + 73*i - 140. Calculate the remainder when 268 is divided by b.
28
Let d = 178 - 94. Suppose -f = 6*f - d. What is the remainder when 153 is divided by f?
9
Suppose 7*l - 5*l - 294 = b, -4*l + 1488 = -5*b. Let d = b + 308. Calculate the remainder when 33 is divided by d.
1
Suppose -20 = 5*j, -l = l + 3*j - 18. Let n = l + 4. Calculate the remainder when -3 + -1 - (-60 + 2) is divided by n.
16
Let f(p) = p**2 - 7*p + 4. Let r be f(7). Let y = -24 - -62. What is the remainder when (-1)/((-4)/r) + 72 is divided by y?
35
Let d(x) = 8*x**2 + 14*x + 4. Let k be d(-2). Suppose -k = -84*s + 83*s. What is the remainder when s is divided by 8?
0
Suppose 0 = -4*m - 4*u + 69 + 7, -34 = -2*m - 3*u. Suppose 5*a + 185 = -2*g + 996, -g = -2*a - 374. Calculate the remainder when g is divided by m.
20
Let r(t) = -65*t**3 + t**2 - 5*t + 3. Let c be r(1). What is the remainder when 120 is divided by ((-1)/(-2))/((9/c)/(-3))?
10
What is the remainder when (-4)/(-3)*45/(-120)*-12702 is divided by 42?
9
Let z = 6397 + -6336. Calculate the remainder when 714 is divided by z.
43
Let p = -151 - -857. Calculate the remainder when p is divided by 151.
102
Suppose 110 = 3*g - 5*m, 135 - 27 = 3*g - 3*m. Let n = g - -32. Calculate the remainder when n is divided by 17.
16
Suppose 5*c + 84 = 7*c. Let o = c - -53. Calculate the remainder when o is divided by 50.
45
Let k = -110 + -172. Let x = k - -307. Calculate the remainder when 147 is divided by x.
22
Suppose -4 - 1 = -j, -j + 561 = -4*z. Let m = z - -307. What is the remainder when m is divided by 10?
8
Let o = -2443 + 3113. What is the remainder when o is divided by 230?
210
What is the remainder when (-15506)/(-8) + (44 + -15)/(-116) is divided by 113?
17
Let j be (-40)/50*15/(-2). Suppose -3*b + j*r = 10*r - 31, 4*r + 71 = 3*b. Let o = 178 - 112. What is the remainder when o is divided by b?
15
Suppose c + 78 = 3*d, d = 2*d - 3*c - 34. Calculate the remainder when 116 is divided by d.
16
Suppose -28*f + 314 = -610. Let j(q) = 2*q**2 + 2*q - 3. What is the remainder when f is divided by j(-3)?
6
Suppose 0 = -2*n + 4, 44 = 5*q - 0*n - 3*n. Suppose -q*i - 17 = -107. Let p(b) = 27*b**3 - 1. What is the remainder when p(1) is divided by i?
8
Suppose 34*w = 41*w - 14. Suppose -126 = -k + w*t, 5*k - 4*k + 3*t - 136 = 0. Calculate the remainder when k is divided by 68.
62
Let d(a) = a + 8. Let r be (-1578)/(-12) + (-2)/(-4). Suppose 3*q = 6, r = 4*p - 3*q - q. What is the remainder when p is divided by d(5)?
9
Let q = 28 + 13. Let k(y) = 13*y**2 - 6*y + 11. What is the remainder when k(2) is divided by q?
10
Let q = -162 - -145. Let w(p) = -3*p - 40. Calculate the remainder when 98 is divided by w(q).
10
Let n(c) be the second derivative of -c**4/12 - 5*c**3/2 + 22*c**2 - 5*c + 3. What is the remainder when n(-15) is divided by 12?
8
Suppose 29 = 5*v + 4. Suppose v*f = -125 - 360. Let d = f + 110. What is the remainder when 23 is divided by d?
10
Let z(f) = 55*f**3 + 2*f**2 + 4*f - 6. Suppose 3 + 13 = r - 3*c, -4*c = 20. What is the remainder when z(r) is divided by 22?
11
Suppose 5*w - 1070 = -2*s, 0*w + s = -w + 211. Suppose -w = c - 4*c. Let y = -5006 + 5031. What is the remainder when c is divided by y?
22
Suppose -9*i = 13*i - 6270. Suppose 1 = 22*k - i. Calculate the remainder when 128 is divided by k.
11
Suppose -4*a + 2533 = 5*u, -1511 = -2*u - u + 2*a. Calculate the remainder when u is divided by 83.
7
Suppose -92*q + 601 + 551 = 36*q. What is the remainder when 728 is divided by q?
8
Let i = -7 + 18. Let x(h) = h**2 + 7*h - 67. Calculate the remainder when x(-14) is divided by i.
9
Calculate the remainder when 3381 is divided by (2 + 18)*(-752)/(-80).
185
Suppose 0 = r + 11 - 38. Suppose -1857*d = -1866*d + 936. What is the remainder when d is divided by r?
23
Let p = -59 - -4. Let i = -3 + p. Let m = i - -111. Calculate the remainder when m is divided by 27.
26
Let h = -3845 + 3954. Calculate the remainder when 688 is divided by h.
34
Let j(p) = -p**2 - 84*p - 1584. Calculate the remainder when 350 is divided by j(-29).
9
Let w = -2670 - -2969. Calculate the remainder when w is divided by 20.
19
Let l(r) = -2*r**2 + 16*r - 9. Let d be l(7). Suppose -p = -2*p - 4*w + 7, d*p + w - 16 = 0. Calculate the remainder when 4 is divided by p.
1
Suppose 16*g + 4 = 15*g. Let d = 5 - g. Calculate the remainder when d is divided by 4.
1
Let p = -141 - -352. Suppose 3*s + p = 388. What is the remainder when s is divided by 12?
11
Suppose -3*z = 21, -71*f + 67*f + 5*z + 67 = 0. Calculate the remainder when 38 is divided by f.
6
Let y be 1*(-1 + -1)*(-30)/15. Suppose 2*b + 3*l = 6*b - 31, -b + y*l = -24. Suppose -b*q + 143 = -29. What is the remainder when q is divided by 22?
21
Let c be (-4)/(-8)*-4*3/6. Calculate the remainder when 55 is divided by 1/(86/(-44) - (c + -1)).
11
Suppose 34098 = 99*q + 735. What is the remainder when q is divided by 82?
9
Let y be (17/4 - 5/20) + 86. Suppose 0 = 8*z - 38 - y. What is the remainder when 150 is divided by z?
6
Let p = -441 + 453. Suppose -s + 2*z = 4*s, z = -3*s. Suppose s = n - 7 + 3. What is the remainder when p is divided by n?
0
Let i(n) = 14*n**2 + 137*n + 1409. What is the remainder when i(-11) is divided by 34?
32
Let l = -24442 - -24453. Let o = 92 - 52. What is the remainder when o is divided by l?
7
Let i = -16413 - -16517. Calculate the remainder when i is divided by 10.
4
Let c(o) = -5*o - 28. Let d(k) = 7*k + 29. Let z(l) = -4*c(l) - 3*d(l). Calculate the remainder when 320 is divided by z(-11).
32
Let m be 4/46 - (-1175)/(-23). Let b = 126 + m. Calculate the remainder when b is divided by 19.
18
Let g = 4201 - 4184. What is the remainder when 17 is divided by g?
0
Calculate the remainder when (2 - 151)*(-30)/(-100)*-10 is divided by 150.
147
Let r(n) be the third derivative of -n**4/8 + 59*n**3/6 - 6*n**2. Let x be r(16). Suppose x*j - 222 = 229. What is the remainder when j is divided by 7?
6
Let n = -34 - -59. Suppose -y + 8*y - 6*y = 7*y. Suppose y = -l + n + 6. Calculate the remainder when 154 is divided by l.
30
Let c(a) = -a**3 - 2*a**2. Let f be c(-2). Suppose -5*b + 2*b + 66 = f. Let o = 12320 - 12257. Calculate the remainder when o is divided by b.
19
Let w(r) = -r**2 - 24*r - 8. Calculate the remainder when 65 is divided by w(-2).
29
Suppose c - 18 = -c. Let n(z) = 2*z**3 + z**2 - 4*z + 4. What is the remainder when c is divided by n(1)?
0
Let s be -6*8/(-36)*3. Suppose -w = -2*w + s. Suppose m = -4*d - m + 50, 21 = 3*d - w*m. Calculate the remainder when d is divided by 3.
2
Let j = 51 + -45. Suppose -8*y + 2*y = -j. Calculate the remainder when (4 - y) + (3 + 21)/1 is divided by 7.
6
Suppose 2*w